 divided by 29.
26
Calculate the remainder when 10563 is divided by 34.
23
What is the remainder when 27986 is divided by 108?
14
What is the remainder when 276873 is divided by 1209?
12
What is the remainder when 2807037 is divided by 215?
212
Calculate the remainder when 571935 is divided by 621.
615
Calculate the remainder when 2295 is divided by 943.
409
What is the remainder when 3426 is divided by 1043?
297
What is the remainder when 865077 is divided by 267?
264
What is the remainder when 11389 is divided by 1406?
141
What is the remainder when 279076 is divided by 674?
40
What is the remainder when 66548 is divided by 13308?
8
Calculate the remainder when 32122 is divided by 170.
162
Calculate the remainder when 7425 is divided by 7312.
113
Calculate the remainder when 335385 is divided by 2329.
9
Calculate the remainder when 1105 is divided by 1100.
5
What is the remainder when 4156 is divided by 4080?
76
Calculate the remainder when 186573 is divided by 150.
123
Calculate the remainder when 4578 is divided by 371.
126
What is the remainder when 99485 is divided by 354?
11
What is the remainder when 17997 is divided by 4272?
909
Calculate the remainder when 6182 is divided by 494.
254
What is the remainder when 8280 is divided by 3?
0
What is the remainder when 28147 is divided by 687?
667
Calculate the remainder when 102008 is divided by 101980.
28
Calculate the remainder when 18991 is divided by 18988.
3
What is the remainder when 4827 is divided by 151?
146
Calculate the remainder when 19215 is divided by 3818.
125
Calculate the remainder when 1766360 is divided by 29.
28
What is the remainder when 20470 is divided by 81?
58
Calculate the remainder when 36713 is divided by 278.
17
Calculate the remainder when 12344 is divided by 69.
62
Calculate the remainder when 1659055 is divided by 43.
29
Calculate the remainder when 5940 is divided by 1977.
9
What is the remainder when 181678 is divided by 90829?
20
Calculate the remainder when 208504 is divided by 118.
116
Calculate the remainder when 20582 is divided by 124.
122
What is the remainder when 292512 is divided by 217?
213
What is the remainder when 285682 is divided by 716?
714
What is the remainder when 259750 is divided by 24?
22
What is the remainder when 12102 is divided by 17?
15
What is the remainder when 6487 is divided by 1284?
67
What is the remainder when 7093973 is divided by 49?
47
Calculate the remainder when 23024 is divided by 11499.
26
What is the remainder when 8003 is divided by 2000?
3
What is the remainder when 39323 is divided by 2621?
8
Calculate the remainder when 40456 is divided by 231.
31
Calculate the remainder when 67642 is divided by 415.
412
Calculate the remainder when 477700 is divided by 159233.
1
What is the remainder when 23089 is divided by 78?
1
Calculate the remainder when 28431 is divided by 457.
97
What is the remainder when 11084 is divided by 247?
216
What is the remainder when 74515 is divided by 74512?
3
Calculate the remainder when 635 is divided by 111.
80
What is the remainder when 62217 is divided by 610?
607
Calculate the remainder when 4539 is divided by 998.
547
What is the remainder when 14360 is divided by 326?
16
What is the remainder when 29324 is divided by 94?
90
What is the remainder when 41869 is divided by 1354?
1249
What is the remainder when 1196 is divided by 587?
22
Calculate the remainder when 3021092 is divided by 92.
88
Calculate the remainder when 14276 is divided by 1584.
20
Calculate the remainder when 26784 is divided by 6670.
104
Calculate the remainder when 10975 is divided by 3282.
1129
Calculate the remainder when 11588 is divided by 96.
68
What is the remainder when 124753 is divided by 6237?
13
What is the remainder when 40108 is divided by 35?
33
What is the remainder when 22811 is divided by 166?
69
What is the remainder when 735992 is divided by 1556?
4
Calculate the remainder when 39793 is divided by 1047.
7
What is the remainder when 6802005 is divided by 1258?
1257
Calculate the remainder when 672473 is divided by 25.
23
Calculate the remainder when 7941 is divided by 1587.
6
Calculate the remainder when 238104 is divided by 11.
9
What is the remainder when 235286 is divided by 78427?
5
Calculate the remainder when 608036 is divided by 118.
100
What is the remainder when 398037 is divided by 782?
781
Calculate the remainder when 427584 is divided by 213789.
6
What is the remainder when 102691 is divided by 115?
111
What is the remainder when 57499 is divided by 71?
60
Calculate the remainder when 44894 is divided by 19.
16
Calculate the remainder when 38054 is divided by 165.
104
Calculate the remainder when 1304 is divided by 128.
24
Calculate the remainder when 20056 is divided by 167.
16
What is the remainder when 28125 is divided by 640?
605
What is the remainder when 4819 is divided by 623?
458
Calculate the remainder when 5190 is divided by 576.
6
What is the remainder when 2305 is divided by 749?
58
What is the remainder when 2671 is divided by 442?
19
What is the remainder when 25190 is divided by 1049?
14
Calculate the remainder when 122720 is divided by 487.
483
What is the remainder when 3614182 is divided by 17?
16
What is the remainder when 88601 is divided by 112?
9
Calculate the remainder when 17790 is divided by 41.
37
Calculate the remainder when 2718 is divided by 3.
0
Calculate the remainder when 2366 is divided by 136.
54
What is the remainder when 22486 is divided by 304?
294
Calculate the remainder when 140998 is divided by 47.
45
What is the remainder when 11618 is divided by 116?
18
Calculate the remainder when 53579 is divided by 23.
12
What is the remainder when 3592 is divided by 276?
4
Calculate the remainder when 82661 is divided by 61.
6
What is the remainder when 6045 is divided by 238?
95
What is the remainder when 1836 is divided by 457?
8
Calculate the remainder when 9340 is divided by 57.
49
Calculate the remainder when 13012 is divided by 12451.
561
Calculate the remainder when 314213 is divided by 14.
11
What is the remainder when 17631 is divided by 20?
11
What is the remainder when 19479 is divided by 9?
3
What is the remainder when 5310 is divided by 58?
32
What is the remainder when 2826 is divided by 309?
45
Calculate the remainder when 2963 is divided by 977.
32
What is the remainder when 84525 is divided by 7681?
34
What is the remainder when 54762 is divided by 489?
483
Calculate the remainder when 356319 is divided by 118767.
18
Calculate the remainder when 407132 is divided by 26.
24
What is the remainder when 3749 is divided by 736?
69
What is the remainder when 130603 is divided by 362?
283
Calculate the remainder when 290824 is divided by 512.
8
What is the remainder when 64999 is divided by 8?
7
Calculate the remainder when 378365 is divided by 19.
18
What is the remainder when 3338 is divided by 393?
194
Calculate the remainder when 1823 is divided by 165.
8
Calculate the remainder when 70000 is divided by 137.
130
What is the remainder when 146027 is divided by 14600?
27
What is the remainder when 22257 is divided by 25?
7
Calculate the remainder when 60437 is divided by 435.
407
What is the remainder when 2776 is divided by 1387?
2
Calculate the remainder when 13956 is divided by 13949.
7
What is the remainder when 291833 is divided by 120?
113
What is the remainder when 1401798 is divided by 215?
213
What is the remainder when 68994 is divided by 633?
630
Calculate the remainder when 26563 is divided by 22.
9
What is the remainder when 986031 is divided by 17?
14
Calculate the remainder when 104628 is divided by 321.
303
What is the remainder when 671 is divided by 172?
155
Calculate the remainder when 320914 is divided by 181.
1
Calculate the remainder when 6492 is divided by 1883.
843
What is the remainder when 11083 is divided by 42?
37
Calculate the remainder when 8713 is divided by 8704.
9
What is the remainder when 175893 is divided by 28?
25
What is the remainder when 23420 is divided by 1081?
719
What is the remainder when 1230 is divided by 386?
72
Calculate the remainder when 153118 is divided by 319.
317
Calculate the remainder when 10149 is divided by 10097.
52
What is the remainder when 8789 is divided by 1560?
989
Calculate 